ors of 600931.
600931
What are the prime factors of 85986?
2, 3, 17, 281
List the prime factors of 291367.
291367
List the prime factors of 324632.
2, 7, 11, 17, 31
List the prime factors of 7211054.
2, 61, 59107
List the prime factors of 5581987.
149, 37463
What are the prime factors of 3542502?
2, 3, 131, 4507
List the prime factors of 268293.
3, 89431
What are the prime factors of 567064?
2, 73, 971
List the prime factors of 1135889.
17, 109, 613
List the prime factors of 215927.
215927
List the prime factors of 17795.
5, 3559
List the prime factors of 58984.
2, 73, 101
What are the prime factors of 5832309?
3, 7, 17, 31
List the prime factors of 3619293.
3, 619, 1949
What are the prime factors of 2575940?
2, 5, 37, 59
What are the prime factors of 35244?
2, 3, 11, 89
List the prime factors of 164367.
3, 7, 2609
What are the prime factors of 2565053?
2565053
List the prime factors of 2407814.
2, 173, 6959
List the prime factors of 385476.
2, 3, 7, 13, 353
What are the prime factors of 7880706?
2, 3, 19, 7681
What are the prime factors of 12242588?
2, 1279, 2393
List the prime factors of 72414.
2, 3, 149
What are the prime factors of 554236?
2, 138559
List the prime factors of 202193.
23, 59, 149
List the prime factors of 283295.
5, 56659
List the prime factors of 1155307.
47, 523
List the prime factors of 605804.
2, 151451
List the prime factors of 501996.
2, 3, 11, 3803
What are the prime factors of 831817?
7, 118831
List the prime factors of 1858205.
5, 59, 6299
List the prime factors of 2513359.
359, 7001
What are the prime factors of 2200054?
2, 1100027
What are the prime factors of 785956?
2, 23, 8543
List the prime factors of 1408929.
3, 271, 1733
List the prime factors of 5431.
5431
What are the prime factors of 5497606?
2, 2748803
List the prime factors of 476961.
3, 173, 919
What are the prime factors of 350168?
2, 7, 13, 37
What are the prime factors of 412928?
2, 1613
What are the prime factors of 227664?
2, 3, 17, 31
List the prime factors of 2689.
2689
What are the prime factors of 1004294?
2, 281, 1787
What are the prime factors of 1511811?
3, 7, 19, 421
What are the prime factors of 5286955?
5, 1057391
List the prime factors of 15111551.
7, 13, 3389
What are the prime factors of 452999?
17, 26647
What are the prime factors of 233339?
19, 12281
List the prime factors of 7815785.
5, 1563157
What are the prime factors of 4906083?
3, 7, 13, 17971
List the prime factors of 281836.
2, 70459
What are the prime factors of 568367?
568367
List the prime factors of 839533.
79, 10627
List the prime factors of 12830381.
569, 22549
What are the prime factors of 1477681?
23, 41, 1567
List the prime factors of 1927105.
5, 193, 1997
What are the prime factors of 383410?
2, 5, 23, 1667
List the prime factors of 286025.
5, 17, 673
List the prime factors of 508642.
2, 263, 967
List the prime factors of 2004301.
13, 53, 2909
List the prime factors of 17813.
47, 379
What are the prime factors of 382810?
2, 5, 38281
What are the prime factors of 5912428?
2, 829, 1783
List the prime factors of 17463.
3, 5821
List the prime factors of 1256655.
3, 5, 83777
What are the prime factors of 284032?
2, 7, 317
List the prime factors of 100872.
2, 3, 467
List the prime factors of 4141523.
17, 179, 1361
What are the prime factors of 7606588?
2, 11, 172877
What are the prime factors of 711839?
711839
List the prime factors of 238564.
2, 19, 43, 73
List the prime factors of 155903.
11, 14173
List the prime factors of 2930607.
3, 108541
List the prime factors of 2924739.
3, 37, 8783
What are the prime factors of 2069261?
2069261
List the prime factors of 531292.
2, 317, 419
List the prime factors of 119664.
2, 3, 277
List the prime factors of 3687098.
2, 1843549
List the prime factors of 15524795.
5, 11, 13, 21713
What are the prime factors of 1610977?
31, 157, 331
List the prime factors of 691550.
2, 5, 13831
What are the prime factors of 669819?
3, 223273
What are the prime factors of 13446565?
5, 11, 41, 67, 89
What are the prime factors of 2038493?
2038493
What are the prime factors of 2306107?
2306107
List the prime factors of 1189791.
3, 132199
What are the prime factors of 551669?
337, 1637
List the prime factors of 1195601.
11, 41, 241
What are the prime factors of 232741?
232741
What are the prime factors of 283263?
3, 94421
List the prime factors of 482021.
482021
List the prime factors of 27695408.
2, 13, 47, 2833
What are the prime factors of 15382092?
2, 3, 11, 116531
What are the prime factors of 148607?
173, 859
List the prime factors of 2043596.
2, 23, 97, 229
List the prime factors of 788957.
13, 60689
What are the prime factors of 294559?
17, 17327
What are the prime factors of 8183649?
3, 1291, 2113
List the prime factors of 3569005.
5, 11, 64891
What are the prime factors of 247301?
247301
List the prime factors of 2136880.
2, 5, 26711
What are the prime factors of 6856674?
2, 3, 11, 103889
List the prime factors of 978527.
11, 8087
List the prime factors of 4887645.
3, 5, 7, 46549
What are the prime factors of 1494734?
2, 523, 1429
What are the prime factors of 116625?
3, 5, 311
What are the prime factors of 540462?
2, 3, 13, 41
List the prime factors of 101279.
101279
List the prime factors of 121007.
121007
List the prime factors of 72162.
2, 3, 19, 211
What are the prime factors of 327048?
2, 3, 13627
List the prime factors of 1188724.
2, 47, 6323
What are the prime factors of 1210081?
101, 11981
List the prime factors of 422776.
2, 43, 1229
What are the prime factors of 1660124?
2, 415031
List the prime factors of 1033595.
5, 37, 151
List the prime factors of 3160639.
1567, 2017
What are the prime factors of 10328520?
2, 3, 5, 17, 61, 83
List the prime factors of 739779.
3, 83, 2971
What are the prime factors of 1638678?
2, 3, 273113
What are the prime factors of 2627372?
2, 11, 211, 283
What are the prime factors of 125260?
2, 5, 6263
What are the prime factors of 204776?
2, 11, 13, 179
List the prime factors of 7661033.
17, 450649
List the prime factors of 1263311.
7, 180473
What are the prime factors of 1335444?
2, 3, 11, 67, 151
What are the prime factors of 195966?
2, 3, 19, 191
List the prime factors of 13354568.
2, 19, 103, 853
List the prime factors of 1142359.
1142359
What are the prime factors of 1599573?
3, 533191
List the prime factors of 4984400.
2, 5, 17, 733
What are the prime factors of 307197?
3, 11, 29, 107
List the prime factors of 78624.
2, 3, 7, 13
List the prime factors of 30199.
13, 23, 101
What are the prime factors of 653288?
2, 127, 643
What are the prime factors of 24964435?
5, 229, 21803
List the prime factors of 2982989.
827, 3607
List the prime factors of 183494.
2, 23, 3989
List the prime factors of 1608161.
997, 1613
What are the prime factors of 7137607?
163, 43789
List the prime factors of 154485.
3, 5, 3433
What are the prime factors of 10472348?
2, 373, 7019
What are the prime factors of 455774?
2, 11, 20717
What are the prime factors of 5692052?
2, 67, 317
List the prime factors of 1234334.
2, 157, 3931
List the prime factors of 1503009.
3, 55667
List the prime factors of 2078590.
2, 5, 17, 12227
What are the prime factors of 877459?
11, 79769
List the prime factors of 183357.
3, 6791
List the prime factors of 4491203.
4491203
List the prime factors of 167848.
2, 20981
What are the prime factors of 461223?
3, 7, 7321
What are the prime factors of 1362544?
2, 85159
What are the prime factors of 95841?
3, 23, 463
List the prime factors of 251348.
2, 31, 2027
List the prime factors of 5312222.
2, 31, 47, 1823
What are the prime factors of 1587304?
2, 198413
What are the prime factors of 40107?
3, 29, 461
List the prime factors of 99865.
5, 19973
List the prime factors of 11808258.
2, 3, 7, 11, 61, 419
What are the prime factors of 247678?
2, 37, 3347
What are the prime factors of 285638?
2, 251, 569
What are the prime factors of 561084?
2, 3, 46757
List the prime factors of 374530.
2, 5, 13, 43, 67
What are the prime factors of 1506470?
2, 5, 7, 21521
List the prime factors of 6446789.
6446789
What are the prime factors of 246252?
2, 3, 20521
What are the prime factors of 1048172?
2, 31, 79, 107
What are the prime factors of 477415?
5, 95483
List the prime factors of 481237.
151, 3187
List the prime 